s 3 + 6628386?
6628400
In base 12, what is 11 - -91b10b?
91b120
In base 12, what is 47794 + 711?
482a5
In base 4, what is 3003 - -31321213332?
31321223001
In base 4, what is -301223133 - 300?
-301230033
In base 12, what is -268a - 7941?
-a40b
In base 13, what is -a4 - 10956?
-10a2a
In base 16, what is -16e1c - a3?
-16ebf
In base 10, what is 34 + -4136590?
-4136556
In base 5, what is 2 + -13244140011?
-13244140004
In base 16, what is 3 - -421667?
42166a
In base 3, what is 2002010201 + 121122?
2002202100
In base 11, what is -3441 - -16831?
133a0
In base 12, what is 62718 - 1185?
61553
In base 14, what is 3 - -d71?
d74
In base 16, what is 2 + 73a928?
73a92a
In base 8, what is -307 + -27660?
-30167
In base 7, what is -2240115531 - 1?
-2240115532
In base 3, what is -20020101010110 + -20011?
-20020101100121
In base 10, what is 985 - -80807?
81792
In base 2, what is -111110 - 1100100101001101001100?
-1100100101001110001010
In base 16, what is 20fc - -2cb4?
4db0
In base 6, what is -111 - 151012011?
-151012122
In base 11, what is -15 + 29153185?
29153170
In base 11, what is 302 - 190a87?
-190785
In base 16, what is -45 + 71dcf?
71d8a
In base 2, what is 101101111011011001001101 + 0?
101101111011011001001101
In base 12, what is 48998 + -19?
4897b
In base 15, what is -48c80e + -15?
-48c824
In base 14, what is 5 - 9d910d?
-9d9108
In base 10, what is -30 + -233859?
-233889
In base 4, what is -1332331012001 + 32?
-1332331011303
In base 15, what is 38 - -62d5d4?
62d61c
In base 11, what is 350a7 + 50?
35147
In base 2, what is -1 - 100111000000110101?
-100111000000110110
In base 10, what is -2132 + 5307?
3175
In base 14, what is -1 - 53453?
-53454
In base 4, what is -120302 + -311233331?
-312020233
In base 3, what is 101 + -112121002010120?
-112121002010012
In base 14, what is -947d714 + -9?
-947d71d
In base 14, what is 176b + -817?
d54
In base 13, what is -10cc1 + 1344c?
245b
In base 15, what is -44e46c - 5?
-44e472
In base 9, what is -2 - -14702183?
14702181
In base 15, what is -ea932483 + -4?
-ea932487
In base 5, what is -14032210421 - -1?
-14032210420
In base 13, what is 31b575 - 2?
31b573
In base 5, what is -204113 - -11044?
-143014
In base 16, what is 8d694 - 8?
8d68c
In base 10, what is -66842490 - 4?
-66842494
In base 14, what is 0 - 14920993?
-14920993
In base 2, what is -1100 + -11001100010101011010001?
-11001100010101011011101
In base 3, what is -10001002 - 202102121?
-212110200
In base 9, what is 85404 - -1386?
86801
In base 8, what is 251 + -2705152?
-2704701
In base 7, what is 404203 - -15?
404221
In base 11, what is 1367541202 + -2?
1367541200
In base 8, what is -1 - 3542421?
-3542422
In base 2, what is 11 - -1000000111001000010011000?
1000000111001000010011011
In base 8, what is -746 - 25725?
-26673
In base 4, what is -11 - -31121223030231?
31121223030220
In base 15, what is bb + 88744?
88810
In base 5, what is -1300300034323 + -1?
-1300300034324
In base 2, what is 10010110000110 + 11001010001101?
101100000010011
In base 9, what is -168 - 2852224?
-2852403
In base 6, what is 150 - 202320552?
-202320402
In base 12, what is -24b8027 + -21?
-24b8048
In base 15, what is -b - -2e4dec?
2e4de1
In base 10, what is -9431 + -7?
-9438
In base 11, what is 925 + -2012?
-1198
In base 2, what is -10 + -10100001000011101111011011?
-10100001000011101111011101
In base 14, what is -360 - 10254?
-105b4
In base 3, what is -10110 + -11020101?
-11100211
In base 9, what is -2784344 + 5?
-2784338
In base 2, what is 1010 + 11001000010111010100101?
11001000010111010101111
In base 14, what is 17 - 6517a?
-65163
In base 10, what is 1136517 - -5?
1136522
In base 8, what is -26 + -51043171?
-51043217
In base 3, what is 11120021202 - -11211?
11120110120
In base 2, what is 110110 + 1100010111011011011?
1100010111100010001
In base 12, what is -b44a3 - -93?
-b4410
In base 13, what is 15a + 5c42c?
5c589
In base 13, what is 2c6027 + 27?
2c6051
In base 5, what is -43 + 1021210241?
1021210143
In base 4, what is 311310 - 10233?
301011
In base 15, what is -5 - 50c98e?
-50c994
In base 4, what is -1111331031131 - 2?
-1111331031133
In base 9, what is -13683 + 3767?
-8815
In base 3, what is 20002211211220 + -101?
20002211211112
In base 14, what is -154a - 50c?
-1a58
In base 8, what is 17562302 + -2?
17562300
In base 10, what is -221 + 121728?
121507
In base 4, what is -1021010133 + -10331?
-1021021130
In base 5, what is 334444 - 212113?
122331
In base 4, what is -12202102222 - -31?
-12202102131
In base 14, what is -4d - -324d9?
3248a
In base 11, what is -4 - 310844?
-310848
In base 13, what is -382a - 2009?
-5836
In base 3, what is 22220000201 - 12102?
22212211022
In base 9, what is -68137716 + -36?
-68137753
In base 15, what is -6 + 9845?
983e
In base 13, what is -16a - 488a?
-4a27
In base 12, what is 6a4 + 9336?
9a1a
In base 9, what is 0 + 11728186?
11728186
In base 15, what is -24747e9 + 5?
-24747e4
In base 5, what is -431 - -2244400033?
2244344102
In base 2, what is 10111 + 1010110011101110110101111?
1010110011101110111000110
In base 12, what is -5755 - -1825?
-3b30
In base 9, what is -11162 + -48438?
-60611
In base 8, what is 130 - 1166312?
-1166162
In base 3, what is -10200112101 - 20012?
-10200202120
In base 12, what is -2a717178 - -4?
-2a717174
In base 13, what is -b678 + -46a4?
-1304c
In base 12, what is -45419 + -58?
-45475
In base 14, what is -ccb - -1251?
364
In base 2, what is -101 - 100000000001001101101010?
-100000000001001101101111
In base 14, what is -58 - -55ba53?
55b9d9
In base 5, what is -140302102104 - -10?
-140302102044
In base 5, what is -1121 + 33443014?
33441343
In base 6, what is -25042 + -20051?
-45133
In base 8, what is -232 + 465023?
464571
In base 8, what is 261 - 62340?
-62057
In base 11, what is 2 - 30561859?
-30561857
In base 5, what is -311 - -2034122002?
2034121141
In base 4, what is 3032003012233 - -11?
3032003012310
In base 2, what is -10100101110001 + -100100000?
-10101010010001
In base 4, what is -302300 - 1212021?
-2120321
In base 8, what is 40 + 72647?
72707
In base 6, what is 403323 - -424?
404151
In base 9, what is 1322 - 14837?
-13515
In base 8, what is 5112 + -507455?
-502343
In base 2, what is 1101000111111101010001110110 - 0?
1101000111111101010001110110
In base 5, what is -404322 + 2440?
-401332
In base 5, what is 43243111 + -2143?
43240413
In base 11, what is 12a4 + 1a68?
3261
In base 9, what is -416 - -2583345?
2582828
In base 14, what is -8a - -461c7?
4613b
In base 4, what is -1201 - -23103103232?
23103102031
In base 3, what is -12 - -1111001201001?
1111001200212
In base 11, what is 35584 - 16a33?
19651
In base 11, what is 129087 - -87?
129163
In base 11, what is -22a95636 - 5?
-22a95640
In base 16, what is -22b + -cd72?
-cf9d
In base 9, what is -3008 - 15658?
-18667
In base 2, what is -10 + -101010111101001010010110?
-101010111101001010011000
In base 4, what is 1212 + -111132010220?
-111132003002
In base 8, what is 721 - 103061?
-102140
In base 6, what is 101440 + 413344?
515224
In base 6, what is -1112541524 - 2?
-1112541530
In base 12, what is 2 - -1155389?
115538b
In base 14, what is 8154b - -676?
81bc3
In base 11, what is 64 + -885166?
-885102
In base 4, what is -11213022 - -1313?
-11211103
In base 7, what is -206 + -2042110?
-2042316
In base 16, what is fe + 47e60?
47f5e
In base 16, what is -e4 + -2dda53?
-2ddb37
In base 11, what is 152 - 3864a?
-384a8
In base 9, what is -241 - 114041?
-114282
In base 4, what is 122121 + -312303?
-130122
In base 15, what is 3e4 + -278a?
-2396
In base 9, what is 100057 + -45?
100012
In base 3, what is -1012020122111 + -2?
-1012020122120
In base 2, what is 1111101111101001110101000 - -10?
1111101111101001110101010
In base 3, what is -1022202121021212222 + 12?
-1022202121021212210
In base 10, what is -442083 - -175?
-441908
In base 6, what is 132 - -205412?
205544
In base 12, what is -2a143a31 - 5?
-2a143a36
In base 8, what is 1212321110 + 2?
1212321112
In base 5, what is 3224344 - 2401?
3221443
In base 12, what is -233 + -212b12?
-213145
In base 9, what is 5358 - 205101?
-188632
In base 9, what is -1013464 - 1830?
-1015404
In base 15, what is -2 + -1eb248a?
-1eb248c
In base 6, what is -4 - 33303013?
-33303021
In base 16, what is 43919 - 76?
438a3
In base 4, what is 20232 - 23321220?
-23300322
In b